{"id":94,"date":"2020-11-26T11:24:26","date_gmt":"2020-11-26T11:24:26","guid":{"rendered":"https:\/\/jupiterx.artbees.net\/tool-shop\/?page_id=94"},"modified":"2024-11-24T15:17:26","modified_gmt":"2024-11-24T14:17:26","slug":"jak-nakupovat","status":"publish","type":"page","link":"https:\/\/jakoube.cz\/fotobazar\/jak-nakupovat\/","title":{"rendered":"Jak nakupovat"},"content":{"rendered":"\t\t<div data-elementor-type=\"wp-page\" data-elementor-id=\"94\" class=\"elementor elementor-94\" data-elementor-settings=\"[]\">\n\t\t\t\t\t\t\t<div class=\"elementor-section-wrap\">\n\t\t\t\t\t\t\t<section class=\"elementor-section elementor-top-section elementor-element elementor-element-9415d30 elementor-section-boxed elementor-section-height-default elementor-section-height-default\" data-id=\"9415d30\" data-element_type=\"section\">\n\t\t\t\t\t\t<div class=\"elementor-container elementor-column-gap-no\">\n\t\t\t\t\t<div class=\"elementor-column elementor-col-50 elementor-top-column elementor-element elementor-element-05f724c\" data-id=\"05f724c\" data-element_type=\"column\" data-settings=\"{&quot;background_background&quot;:&quot;classic&quot;}\">\n\t\t\t<div class=\"elementor-widget-wrap\">\n\t\t\t\t\t\t\t\t\t<\/div>\n\t\t<\/div>\n\t\t\t\t<div class=\"elementor-column elementor-col-50 elementor-top-column elementor-element elementor-element-05ad85e\" data-id=\"05ad85e\" data-element_type=\"column\">\n\t\t\t<div class=\"elementor-widget-wrap elementor-element-populated\">\n\t\t\t\t\t\t\t\t<div class=\"elementor-element elementor-element-3239082 elementor-widget elementor-widget-text-editor\" data-id=\"3239082\" data-element_type=\"widget\" data-widget_type=\"text-editor.default\">\n\t\t\t\t<div class=\"elementor-widget-container\">\n\t\t\t\t\t\t\t<h1><span style=\"color: #ffffff;\">Jak nakupovat.<\/span><\/h1>\n<p><span style=\"color: #ffffff;\"><strong>Tento internetov\u00fd fotobazar je vytvo\u0159en tak, aby objedn\u00e1vka <\/strong><strong>byla&nbsp;<\/strong><strong>&nbsp;pro z\u00e1kazn\u00edka&nbsp;<\/strong><strong>co nejjednodu\u0161\u0161\u00ed.<\/strong><\/span><\/p>\n<p align=\"justify\"><span style=\"color: #ffffff;\"><strong>1.<\/strong>&nbsp;Nejprve je samoz\u0159ejm\u011b nutn\u00e9 nal\u00e9zt apar\u00e1t nebo p\u0159\u00edslu\u0161enstv\u00ed, o kter\u00e9 m\u00e1te z\u00e1jem. K&nbsp;tomuto c\u00edli lze dosp\u011bt dv\u011bma zp\u016fsoby. Prvn\u00edm zp\u016fsobem je proch\u00e1zen\u00ed menu kategori\u00ed, k&nbsp;\u010demu\u017e slou\u017e\u00ed pole v prav\u00e9 \u010d\u00e1sti str\u00e1nek. Postupn\u00fdm klik\u00e1n\u00edm se dostanete a\u017e k&nbsp;po\u017eadovan\u00e9mu v\u00fdrobku. Pro snadn\u011bj\u0161\u00ed orientaci a navigaci je u ka\u017ed\u00e9ho v\u00fdrobku um\u00edst\u011bna informace ve kter\u00e9 kategorii v\u00fdrobk\u016f se pr\u00e1v\u011b nach\u00e1z\u00edte. Druh\u00fdm zp\u016fsobem jak hledat a naj\u00edt zbo\u017e\u00ed je pou\u017eit\u00ed vyhled\u00e1va\u010de. Sta\u010d\u00ed zadat n\u00e1zev&nbsp;apar\u00e1tu o kter\u00fd m\u00e1te z\u00e1jem. Poklep\u00e1n\u00edm na obr\u00e1zek se objev\u00ed vybran\u00fd objekt ve v\u011bt\u0161\u00edm zobrazen\u00ed. Pokud jsou u apar\u00e1tu dal\u0161\u00ed sn\u00edmky, sta\u010d\u00ed poklepat na zobrazen\u00fd sn\u00edmek.&nbsp; NEZAPOME\u0147TE UV\u00c9ST V\u00ddROBN\u00cd \u010c\u00cdSLO PRODUKTU KTER\u00dd VKL\u00c1D\u00c1TE DO KO\u0160\u00cdKU<\/span><\/p>\n<p align=\"justify\"><span style=\"color: #ffffff;\"><strong>2.<\/strong>&nbsp;Pokud chcete vybran\u00e9 vlo\u017eit do n\u00e1kupn\u00edho ko\u0161\u00edku, klikn\u011bte na ikonu zn\u00e1zor\u0148uj\u00edc\u00ed ko\u0161\u00edk anebo na tla\u010d\u00edtko &#8222;Koupit&#8220;. Pokud u produktu nen\u00ed vy\u017eadov\u00e1n v\u00fdb\u011br dal\u0161\u00edch vlastnost\u00ed produktu, objev\u00ed se V\u00e1mi vybran\u00e9&nbsp;v\u011bci v ko\u0161\u00edku. Pokra\u010dovat v n\u00e1kupu m\u016f\u017eete dal\u0161\u00edm v\u00fdb\u011brem kategorie nebo kliknut\u00edm na tla\u010d\u00edtko &#8222;zp\u011bt&#8220;. Vybran\u00fd p\u0159edm\u011bt vlo\u017een\u00fd do ko\u0161\u00edku je pro V\u00e1s zablokovan\u00fd a nad\u00e1le se v nab\u00eddce nebude zobrazovat. Pokud se transakce neuskute\u010dn\u00ed, bude po 10 pracovn\u00edch dnech znovu vystaven.<\/span><\/p>\n<p align=\"justify\"><span style=\"color: #ffffff;\"><strong>3.<\/strong>&nbsp;Pokud jste vybrali ve\u0161ker\u00e9 po\u017eadovan\u00e9&nbsp;p\u0159edm\u011bty a p\u0159esunuli jste je do n\u00e1kupn\u00edho ko\u0161\u00edku, klikn\u011bte na odkaz &#8222;ko\u0161\u00edk&#8220;. Objev\u00ed se p\u0159ehled V\u00e1mi vybran\u00fdch v\u011bc\u00ed. Zde je mo\u017en\u00e9 upravovat nebo n\u011bkter\u00e9 polo\u017eky \u00fapln\u011b vy\u0159adit. Zm\u011bnu provedete zcela jednoduch\u00fdm kliknut\u00edm na &#8222;Smazat&#8220;. Po t\u00e9to \u00faprav\u011b pokra\u010dujte tla\u010d\u00edtkem &#8222;P\u0159epo\u010d\u00edtat&#8220;. Pokud s obsahem ko\u0161\u00edku souhlas\u00edte, klikn\u011bte na tla\u010d\u00edtko &#8220; Dal\u0161\u00ed &gt; &#8222;.<\/span><\/p>\n<p align=\"justify\"><span style=\"color: #ffffff;\"><strong>4.<\/strong>&nbsp;Na n\u00e1sleduj\u00edc\u00ed str\u00e1nce se V\u00e1m v prohl\u00ed\u017ee\u010di zobraz\u00ed formul\u00e1\u0159, ve kter\u00e9m si zad\u00e1te doru\u010dovac\u00ed adresu a tak\u00e9 zp\u016fsob doru\u010den\u00ed a&nbsp;platby. Zde pozorn\u011b zkontrolujte ve\u0161ker\u00e9 \u00fadaje v&nbsp;objedn\u00e1vce. Pokud chcete uskute\u010dnit objedn\u00e1vku, mus\u00edte souhlasit s pravidly na\u0161eho obchodu za\u0161krtnut\u00edm pol\u00ed\u010dka &#8222;Souhlas s pravidly obchodu&#8220;, n\u00e1sledn\u011b klikn\u011bte na tla\u010d\u00edtko &#8222;Odeslat&#8220; . T\u00edm je objedn\u00e1vka dokon\u010dena a&nbsp;vybran\u00e9 p\u0159edm\u011bty jsou&nbsp;z\u00e1vazn\u011b objedn\u00e1ny.<\/span><\/p>\n<p align=\"justify\"><span style=\"color: #ffffff;\"><strong>6.<\/strong>&nbsp;Jestli\u017ee byla objedn\u00e1vka \u00fasp\u011b\u0161n\u011b odesl\u00e1na, zobraz\u00ed se V\u00e1m hl\u00e1\u0161ka &#8222;Objedn\u00e1vka byla \u00fasp\u011b\u0161n\u011b odesl\u00e1na&#8220;. Va\u0161i objedn\u00e1vku potvrd\u00edme e-mailem.<\/span><\/p>\n<p align=\"justify\"><span style=\"color: #ffffff;\"><strong>7. Objedn\u00e1vka je evidov\u00e1na 10 pracovn\u00edch dn\u00ed, pak je n\u00e1kupn\u00ed ko\u0161\u00edk automaticky vypr\u00e1zdn\u011bn, s<\/strong><strong>ou\u010dasn\u011b budete o zru\u0161en\u00ed objedn\u00e1vky informov\u00e1ni e-mailem.<\/strong><\/span><\/p>\t\t\t\t\t\t<\/div>\n\t\t\t\t<\/div>\n\t\t\t\t\t<\/div>\n\t\t<\/div>\n\t\t\t\t\t\t\t<\/div>\n\t\t<\/section>\n\t\t\t\t\t\t<\/div>\n\t\t\t\t\t<\/div>\n\t\t","protected":false},"excerpt":{"rendered":"<p>Jak nakupovat. Tento internetov\u00fd fotobazar je vytvo\u0159en tak, aby objedn\u00e1vka byla&nbsp;&nbsp;pro z\u00e1kazn\u00edka&nbsp;co nejjednodu\u0161\u0161\u00ed. 1.&nbsp;Nejprve je samoz\u0159ejm\u011b nutn\u00e9 nal\u00e9zt apar\u00e1t nebo p\u0159\u00edslu\u0161enstv\u00ed, o kter\u00e9 m\u00e1te z\u00e1jem. K&nbsp;tomuto c\u00edli lze dosp\u011bt dv\u011bma zp\u016fsoby. Prvn\u00edm zp\u016fsobem je proch\u00e1zen\u00ed menu kategori\u00ed, k&nbsp;\u010demu\u017e slou\u017e\u00ed pole v prav\u00e9 \u010d\u00e1sti str\u00e1nek. Postupn\u00fdm klik\u00e1n\u00edm se dostanete a\u017e k&nbsp;po\u017eadovan\u00e9mu v\u00fdrobku. Pro snadn\u011bj\u0161\u00ed orientaci a [&hellip;]<\/p>\n","protected":false},"author":1,"featured_media":0,"parent":0,"menu_order":0,"comment_status":"closed","ping_status":"closed","template":"full-width.php","meta":[],"_links":{"self":[{"href":"https:\/\/jakoube.cz\/fotobazar\/wp-json\/wp\/v2\/pages\/94"}],"collection":[{"href":"https:\/\/jakoube.cz\/fotobazar\/wp-json\/wp\/v2\/pages"}],"about":[{"href":"https:\/\/jakoube.cz\/fotobazar\/wp-json\/wp\/v2\/types\/page"}],"author":[{"embeddable":true,"href":"https:\/\/jakoube.cz\/fotobazar\/wp-json\/wp\/v2\/users\/1"}],"replies":[{"embeddable":true,"href":"https:\/\/jakoube.cz\/fotobazar\/wp-json\/wp\/v2\/comments?post=94"}],"version-history":[{"count":36,"href":"https:\/\/jakoube.cz\/fotobazar\/wp-json\/wp\/v2\/pages\/94\/revisions"}],"predecessor-version":[{"id":1515,"href":"https:\/\/jakoube.cz\/fotobazar\/wp-json\/wp\/v2\/pages\/94\/revisions\/1515"}],"wp:attachment":[{"href":"https:\/\/jakoube.cz\/fotobazar\/wp-json\/wp\/v2\/media?parent=94"}],"curies":[{"name":"wp","href":"https:\/\/api.w.org\/{rel}","templated":true}]}}